{"id":83,"date":"2022-02-12T18:46:44","date_gmt":"2022-02-12T21:46:44","guid":{"rendered":"https:\/\/loja.aspenbh.com.br\/?page_id=83"},"modified":"2022-02-19T11:27:17","modified_gmt":"2022-02-19T14:27:17","slug":"sobre-nos","status":"publish","type":"page","link":"https:\/\/loja.aspenbh.com.br\/?page_id=83","title":{"rendered":"Sobre n\u00f3s"},"content":{"rendered":"\t\t<div data-elementor-type=\"wp-page\" data-elementor-id=\"83\" class=\"elementor elementor-83\">\n\t\t\t\t\t\t\t\t\t<section data-particle_enable=\"false\" data-particle-mobile-disabled=\"false\" class=\"elementor-section elementor-top-section elementor-element elementor-element-05604d6 elementor-section-boxed elementor-section-height-default elementor-section-height-default\" data-id=\"05604d6\" data-element_type=\"section\">\n\t\t\t\t\t\t<div class=\"elementor-container elementor-column-gap-default\">\n\t\t\t\t\t<div class=\"elementor-column elementor-col-100 elementor-top-column elementor-element elementor-element-2acbcfd\" data-id=\"2acbcfd\" data-element_type=\"column\">\n\t\t\t<div class=\"elementor-widget-wrap elementor-element-populated\">\n\t\t\t\t\t\t\t\t<div class=\"elementor-element elementor-element-a4ec995 elementor-widget elementor-widget-text-editor\" data-id=\"a4ec995\" data-element_type=\"widget\" data-widget_type=\"text-editor.default\">\n\t\t\t\t<div class=\"elementor-widget-container\">\n\t\t\t<style>\/*! elementor - v3.15.0 - 02-08-2023 *\/\n.elementor-widget-text-editor.elementor-drop-cap-view-stacked .elementor-drop-cap{background-color:#69727d;color:#fff}.elementor-widget-text-editor.elementor-drop-cap-view-framed .elementor-drop-cap{color:#69727d;border:3px solid;background-color:transparent}.elementor-widget-text-editor:not(.elementor-drop-cap-view-default) .elementor-drop-cap{margin-top:8px}.elementor-widget-text-editor:not(.elementor-drop-cap-view-default) .elementor-drop-cap-letter{width:1em;height:1em}.elementor-widget-text-editor .elementor-drop-cap{float:left;text-align:center;line-height:1;font-size:50px}.elementor-widget-text-editor .elementor-drop-cap-letter{display:inline-block}<\/style>\t\t\t\t<p><span style=\"font-weight: 400;\">A Aspen Refrigera\u00e7\u00e3o \u00e9 especializada em venda de pe\u00e7as de reposi\u00e7\u00e3o para refrigera\u00e7\u00e3o dom\u00e9stica e comercial, lavadoras e micro-ondas de diferentes marcas, como Braste\/mp, Electrolux, Metalfrio, Suggar, entre outras.<\/span><\/p><p><span style=\"font-weight: 400;\">Nossa matriz est\u00e1 localizada no centro de Belo Horizonte e nossa filial no bairro Gl\u00f3ria. Al\u00e9m disso, enviamos nossas pe\u00e7as para todo o estado.&nbsp;<\/span><\/p><p><span style=\"font-weight: 400;\">Nosso objetivo \u00e9 oferecer um atendimento de qualidade e pe\u00e7as com pre\u00e7os justos para melhor satisfa\u00e7\u00e3o dos nossos clientes.<\/span><\/p>\t\t\t\t\t\t<\/div>\n\t\t\t\t<\/div>\n\t\t\t\t\t<\/div>\n\t\t<\/div>\n\t\t\t\t\t\t\t<\/div>\n\t\t<\/section>\n\t\t\t\t\t\t\t<\/div>\n\t\t","protected":false},"excerpt":{"rendered":"<p>A Aspen Refrigera\u00e7\u00e3o \u00e9 especializada em venda de pe\u00e7as de reposi\u00e7\u00e3o para refrigera\u00e7\u00e3o dom\u00e9stica e comercial, lavadoras e micro-ondas de diferentes marcas, como Braste\/mp, Electrolux, Metalfrio, Suggar, entre outras. Nossa matriz est\u00e1 localizada no centro de Belo Horizonte e nossa filial no bairro Gl\u00f3ria. Al\u00e9m disso, enviamos nossas pe\u00e7as para todo o estado.&nbsp; Nosso objetivo [&hellip;]<\/p>\n","protected":false},"author":1,"featured_media":0,"parent":0,"menu_order":0,"comment_status":"closed","ping_status":"closed","template":"elementor_header_footer","meta":{"ocean_post_layout":"","ocean_both_sidebars_style":"","ocean_both_sidebars_content_width":0,"ocean_both_sidebars_sidebars_width":0,"ocean_sidebar":"0","ocean_second_sidebar":"0","ocean_disable_margins":"enable","ocean_add_body_class":"","ocean_shortcode_before_top_bar":"","ocean_shortcode_after_top_bar":"","ocean_shortcode_before_header":"","ocean_shortcode_after_header":"","ocean_has_shortcode":"","ocean_shortcode_after_title":"","ocean_shortcode_before_footer_widgets":"","ocean_shortcode_after_footer_widgets":"","ocean_shortcode_before_footer_bottom":"","ocean_shortcode_after_footer_bottom":"","ocean_display_top_bar":"default","ocean_display_header":"default","ocean_header_style":"","ocean_center_header_left_menu":"0","ocean_custom_header_template":"0","ocean_custom_logo":0,"ocean_custom_retina_logo":0,"ocean_custom_logo_max_width":0,"ocean_custom_logo_tablet_max_width":0,"ocean_custom_logo_mobile_max_width":0,"ocean_custom_logo_max_height":0,"ocean_custom_logo_tablet_max_height":0,"ocean_custom_logo_mobile_max_height":0,"ocean_header_custom_menu":"0","ocean_menu_typo_font_family":"0","ocean_menu_typo_font_subset":"","ocean_menu_typo_font_size":0,"ocean_menu_typo_font_size_tablet":0,"ocean_menu_typo_font_size_mobile":0,"ocean_menu_typo_font_size_unit":"px","ocean_menu_typo_font_weight":"","ocean_menu_typo_font_weight_tablet":"","ocean_menu_typo_font_weight_mobile":"","ocean_menu_typo_transform":"","ocean_menu_typo_transform_tablet":"","ocean_menu_typo_transform_mobile":"","ocean_menu_typo_line_height":0,"ocean_menu_typo_line_height_tablet":0,"ocean_menu_typo_line_height_mobile":0,"ocean_menu_typo_line_height_unit":"","ocean_menu_typo_spacing":0,"ocean_menu_typo_spacing_tablet":0,"ocean_menu_typo_spacing_mobile":0,"ocean_menu_typo_spacing_unit":"","ocean_menu_link_color":"","ocean_menu_link_color_hover":"","ocean_menu_link_color_active":"","ocean_menu_link_background":"","ocean_menu_link_hover_background":"","ocean_menu_link_active_background":"","ocean_menu_social_links_bg":"","ocean_menu_social_hover_links_bg":"","ocean_menu_social_links_color":"","ocean_menu_social_hover_links_color":"","ocean_disable_title":"default","ocean_disable_heading":"default","ocean_post_title":"","ocean_post_subheading":"","ocean_post_title_style":"","ocean_post_title_background_color":"","ocean_post_title_background":0,"ocean_post_title_bg_image_position":"","ocean_post_title_bg_image_attachment":"","ocean_post_title_bg_image_repeat":"","ocean_post_title_bg_image_size":"","ocean_post_title_height":0,"ocean_post_title_bg_overlay":0.5,"ocean_post_title_bg_overlay_color":"","ocean_disable_breadcrumbs":"default","ocean_breadcrumbs_color":"","ocean_breadcrumbs_separator_color":"","ocean_breadcrumbs_links_color":"","ocean_breadcrumbs_links_hover_color":"","ocean_display_footer_widgets":"default","ocean_display_footer_bottom":"default","ocean_custom_footer_template":"0","_joinchat":[],"footnotes":""},"class_list":["post-83","page","type-page","status-publish","hentry","entry","owp-thumbs-layout-horizontal","owp-btn-normal","owp-tabs-layout-horizontal","has-no-thumbnails","has-product-nav"],"yoast_head":"<!-- This site is optimized with the Yoast SEO Premium plugin v18.0 (Yoast SEO v24.1) - https:\/\/yoast.com\/wordpress\/plugins\/seo\/ -->\n<title>Sobre n\u00f3s - Loja Aspen Refrigera\u00e7\u00e3o<\/title>\n<meta name=\"robots\" content=\"index, follow, max-snippet:-1, max-image-preview:large, max-video-preview:-1\" \/>\n<link rel=\"canonical\" href=\"https:\/\/loja.aspenbh.com.br\/?page_id=83\" \/>\n<meta property=\"og:locale\" content=\"pt_BR\" \/>\n<meta property=\"og:type\" content=\"article\" \/>\n<meta property=\"og:title\" content=\"Sobre n\u00f3s\" \/>\n<meta property=\"og:description\" content=\"A Aspen Refrigera\u00e7\u00e3o \u00e9 especializada em venda de pe\u00e7as de reposi\u00e7\u00e3o para refrigera\u00e7\u00e3o dom\u00e9stica e comercial, lavadoras e micro-ondas de diferentes marcas, como Braste\/mp, Electrolux, Metalfrio, Suggar, entre outras. Nossa matriz est\u00e1 localizada no centro de Belo Horizonte e nossa filial no bairro Gl\u00f3ria. Al\u00e9m disso, enviamos nossas pe\u00e7as para todo o estado.&nbsp; Nosso objetivo [&hellip;]\" \/>\n<meta property=\"og:url\" content=\"https:\/\/loja.aspenbh.com.br\/?page_id=83\" \/>\n<meta property=\"og:site_name\" content=\"Loja Aspen Refrigera\u00e7\u00e3o\" \/>\n<meta property=\"article:modified_time\" content=\"2022-02-19T14:27:17+00:00\" \/>\n<meta name=\"twitter:card\" content=\"summary_large_image\" \/>\n<script type=\"application\/ld+json\" class=\"yoast-schema-graph\">{\"@context\":\"https:\/\/schema.org\",\"@graph\":[{\"@type\":\"WebPage\",\"@id\":\"https:\/\/loja.aspenbh.com.br\/?page_id=83\",\"url\":\"https:\/\/loja.aspenbh.com.br\/?page_id=83\",\"name\":\"Sobre n\u00f3s - Loja Aspen Refrigera\u00e7\u00e3o\",\"isPartOf\":{\"@id\":\"https:\/\/loja.aspenbh.com.br\/#website\"},\"datePublished\":\"2022-02-12T21:46:44+00:00\",\"dateModified\":\"2022-02-19T14:27:17+00:00\",\"breadcrumb\":{\"@id\":\"https:\/\/loja.aspenbh.com.br\/?page_id=83#breadcrumb\"},\"inLanguage\":\"pt-BR\",\"potentialAction\":[{\"@type\":\"ReadAction\",\"target\":[\"https:\/\/loja.aspenbh.com.br\/?page_id=83\"]}]},{\"@type\":\"BreadcrumbList\",\"@id\":\"https:\/\/loja.aspenbh.com.br\/?page_id=83#breadcrumb\",\"itemListElement\":[{\"@type\":\"ListItem\",\"position\":1,\"name\":\"In\u00edcio\",\"item\":\"https:\/\/loja.aspenbh.com.br\/\"},{\"@type\":\"ListItem\",\"position\":2,\"name\":\"Sobre n\u00f3s\"}]},{\"@type\":\"WebSite\",\"@id\":\"https:\/\/loja.aspenbh.com.br\/#website\",\"url\":\"https:\/\/loja.aspenbh.com.br\/\",\"name\":\"Loja Aspen Refrigera\u00e7\u00e3o\",\"description\":\"Qualidade no atendimento e pre\u00e7o justo.\",\"publisher\":{\"@id\":\"https:\/\/loja.aspenbh.com.br\/#organization\"},\"potentialAction\":[{\"@type\":\"SearchAction\",\"target\":{\"@type\":\"EntryPoint\",\"urlTemplate\":\"https:\/\/loja.aspenbh.com.br\/?s={search_term_string}\"},\"query-input\":{\"@type\":\"PropertyValueSpecification\",\"valueRequired\":true,\"valueName\":\"search_term_string\"}}],\"inLanguage\":\"pt-BR\"},{\"@type\":\"Organization\",\"@id\":\"https:\/\/loja.aspenbh.com.br\/#organization\",\"name\":\"Aspen Refrigera\u00e7\u00e3o\",\"url\":\"https:\/\/loja.aspenbh.com.br\/\",\"logo\":{\"@type\":\"ImageObject\",\"inLanguage\":\"pt-BR\",\"@id\":\"https:\/\/loja.aspenbh.com.br\/#\/schema\/logo\/image\/\",\"url\":\"https:\/\/loja.aspenbh.com.br\/wp-content\/uploads\/2022\/02\/marca_200px.png\",\"contentUrl\":\"https:\/\/loja.aspenbh.com.br\/wp-content\/uploads\/2022\/02\/marca_200px.png\",\"width\":200,\"height\":50,\"caption\":\"Aspen Refrigera\u00e7\u00e3o\"},\"image\":{\"@id\":\"https:\/\/loja.aspenbh.com.br\/#\/schema\/logo\/image\/\"}}]}<\/script>\n<!-- \/ Yoast SEO Premium plugin. -->","yoast_head_json":{"title":"Sobre n\u00f3s - Loja Aspen Refrigera\u00e7\u00e3o","robots":{"index":"index","follow":"follow","max-snippet":"max-snippet:-1","max-image-preview":"max-image-preview:large","max-video-preview":"max-video-preview:-1"},"canonical":"https:\/\/loja.aspenbh.com.br\/?page_id=83","og_locale":"pt_BR","og_type":"article","og_title":"Sobre n\u00f3s","og_description":"A Aspen Refrigera\u00e7\u00e3o \u00e9 especializada em venda de pe\u00e7as de reposi\u00e7\u00e3o para refrigera\u00e7\u00e3o dom\u00e9stica e comercial, lavadoras e micro-ondas de diferentes marcas, como Braste\/mp, Electrolux, Metalfrio, Suggar, entre outras. Nossa matriz est\u00e1 localizada no centro de Belo Horizonte e nossa filial no bairro Gl\u00f3ria. Al\u00e9m disso, enviamos nossas pe\u00e7as para todo o estado.&nbsp; Nosso objetivo [&hellip;]","og_url":"https:\/\/loja.aspenbh.com.br\/?page_id=83","og_site_name":"Loja Aspen Refrigera\u00e7\u00e3o","article_modified_time":"2022-02-19T14:27:17+00:00","twitter_card":"summary_large_image","schema":{"@context":"https:\/\/schema.org","@graph":[{"@type":"WebPage","@id":"https:\/\/loja.aspenbh.com.br\/?page_id=83","url":"https:\/\/loja.aspenbh.com.br\/?page_id=83","name":"Sobre n\u00f3s - Loja Aspen Refrigera\u00e7\u00e3o","isPartOf":{"@id":"https:\/\/loja.aspenbh.com.br\/#website"},"datePublished":"2022-02-12T21:46:44+00:00","dateModified":"2022-02-19T14:27:17+00:00","breadcrumb":{"@id":"https:\/\/loja.aspenbh.com.br\/?page_id=83#breadcrumb"},"inLanguage":"pt-BR","potentialAction":[{"@type":"ReadAction","target":["https:\/\/loja.aspenbh.com.br\/?page_id=83"]}]},{"@type":"BreadcrumbList","@id":"https:\/\/loja.aspenbh.com.br\/?page_id=83#breadcrumb","itemListElement":[{"@type":"ListItem","position":1,"name":"In\u00edcio","item":"https:\/\/loja.aspenbh.com.br\/"},{"@type":"ListItem","position":2,"name":"Sobre n\u00f3s"}]},{"@type":"WebSite","@id":"https:\/\/loja.aspenbh.com.br\/#website","url":"https:\/\/loja.aspenbh.com.br\/","name":"Loja Aspen Refrigera\u00e7\u00e3o","description":"Qualidade no atendimento e pre\u00e7o justo.","publisher":{"@id":"https:\/\/loja.aspenbh.com.br\/#organization"},"potentialAction":[{"@type":"SearchAction","target":{"@type":"EntryPoint","urlTemplate":"https:\/\/loja.aspenbh.com.br\/?s={search_term_string}"},"query-input":{"@type":"PropertyValueSpecification","valueRequired":true,"valueName":"search_term_string"}}],"inLanguage":"pt-BR"},{"@type":"Organization","@id":"https:\/\/loja.aspenbh.com.br\/#organization","name":"Aspen Refrigera\u00e7\u00e3o","url":"https:\/\/loja.aspenbh.com.br\/","logo":{"@type":"ImageObject","inLanguage":"pt-BR","@id":"https:\/\/loja.aspenbh.com.br\/#\/schema\/logo\/image\/","url":"https:\/\/loja.aspenbh.com.br\/wp-content\/uploads\/2022\/02\/marca_200px.png","contentUrl":"https:\/\/loja.aspenbh.com.br\/wp-content\/uploads\/2022\/02\/marca_200px.png","width":200,"height":50,"caption":"Aspen Refrigera\u00e7\u00e3o"},"image":{"@id":"https:\/\/loja.aspenbh.com.br\/#\/schema\/logo\/image\/"}}]}},"_links":{"self":[{"href":"https:\/\/loja.aspenbh.com.br\/index.php?rest_route=\/wp\/v2\/pages\/83","targetHints":{"allow":["GET"]}}],"collection":[{"href":"https:\/\/loja.aspenbh.com.br\/index.php?rest_route=\/wp\/v2\/pages"}],"about":[{"href":"https:\/\/loja.aspenbh.com.br\/index.php?rest_route=\/wp\/v2\/types\/page"}],"author":[{"embeddable":true,"href":"https:\/\/loja.aspenbh.com.br\/index.php?rest_route=\/wp\/v2\/users\/1"}],"replies":[{"embeddable":true,"href":"https:\/\/loja.aspenbh.com.br\/index.php?rest_route=%2Fwp%2Fv2%2Fcomments&post=83"}],"version-history":[{"count":0,"href":"https:\/\/loja.aspenbh.com.br\/index.php?rest_route=\/wp\/v2\/pages\/83\/revisions"}],"wp:attachment":[{"href":"https:\/\/loja.aspenbh.com.br\/index.php?rest_route=%2Fwp%2Fv2%2Fmedia&parent=83"}],"curies":[{"name":"wp","href":"https:\/\/api.w.org\/{rel}","templated":true}]}}